re the prime factors of 846688?
2, 26459
List the prime factors of 1478.
2, 739
What are the prime factors of 531319?
41, 12959
List the prime factors of 1239726.
2, 3, 367, 563
What are the prime factors of 447936?
2, 3, 2333
List the prime factors of 5271238.
2, 7, 47, 8011
What are the prime factors of 4716?
2, 3, 131
What are the prime factors of 2150204?
2, 7, 41, 1873
List the prime factors of 6566147.
7, 103, 1301
List the prime factors of 3574047.
3, 29, 41081
List the prime factors of 660716.
2, 7, 3371
What are the prime factors of 2401898?
2, 1200949
What are the prime factors of 566372?
2, 17, 8329
What are the prime factors of 190314?
2, 3, 97, 109
What are the prime factors of 5004202?
2, 7, 23, 15541
What are the prime factors of 556630?
2, 5, 55663
What are the prime factors of 12171782?
2, 7, 869413
List the prime factors of 2733751.
97, 28183
List the prime factors of 2741005.
5, 548201
What are the prime factors of 1471281?
3, 7, 70061
What are the prime factors of 10309413?
3, 29, 71, 1669
List the prime factors of 2604238.
2, 7, 13, 41, 349
List the prime factors of 55918.
2, 73, 383
List the prime factors of 17596141.
1307, 13463
List the prime factors of 438093.
3, 48677
List the prime factors of 576.
2, 3
List the prime factors of 5114699.
5114699
List the prime factors of 24981705.
3, 5, 7, 71, 1117
List the prime factors of 456433.
17, 26849
List the prime factors of 3833635.
5, 13, 58979
List the prime factors of 1823096.
2, 11, 20717
What are the prime factors of 113118?
2, 3, 17, 1109
List the prime factors of 10645841.
311, 34231
What are the prime factors of 2694617?
313, 8609
List the prime factors of 31367914.
2, 857, 18301
List the prime factors of 10697391.
3, 337, 3527
List the prime factors of 11305379.
67, 168737
List the prime factors of 1158609.
3, 137, 2819
What are the prime factors of 6219903?
3, 571, 3631
What are the prime factors of 2054688?
2, 3, 17, 1259
List the prime factors of 3695984.
2, 230999
What are the prime factors of 192131?
229, 839
List the prime factors of 436131.
3, 29, 557
What are the prime factors of 7389244?
2, 331, 5581
List the prime factors of 17838924.
2, 3, 1486577
What are the prime factors of 13959023?
13, 17, 83, 761
List the prime factors of 10402997.
11, 17, 55631
List the prime factors of 1151507.
7, 179, 919
What are the prime factors of 772906?
2, 71, 5443
List the prime factors of 945481.
945481
List the prime factors of 83006.
2, 7, 11
List the prime factors of 7971475.
5, 419, 761
List the prime factors of 18361760.
2, 5, 114761
List the prime factors of 4501769.
127, 35447
List the prime factors of 12249132.
2, 3, 7, 145823
What are the prime factors of 9001293?
3, 7, 428633
List the prime factors of 210627.
3, 29, 269
What are the prime factors of 228330?
2, 3, 5, 43, 59
What are the prime factors of 6871358?
2, 13, 264283
List the prime factors of 330181.
31, 10651
What are the prime factors of 241732?
2, 223, 271
List the prime factors of 1086597.
3, 157, 769
What are the prime factors of 6866856?
2, 3, 10597
List the prime factors of 516491.
31, 16661
List the prime factors of 811167.
3, 7, 19, 107
List the prime factors of 388811.
293, 1327
What are the prime factors of 1419715?
5, 11, 83, 311
What are the prime factors of 7618361?
2441, 3121
What are the prime factors of 502568?
2, 11, 5711
List the prime factors of 1482452.
2, 370613
What are the prime factors of 6834214?
2, 269, 12703
List the prime factors of 19445279.
7, 59, 197, 239
List the prime factors of 26691.
3, 7, 31, 41
What are the prime factors of 217082?
2, 108541
What are the prime factors of 335867?
7, 47981
List the prime factors of 1562433.
3, 29, 17959
What are the prime factors of 177468?
2, 3, 23, 643
List the prime factors of 2306986.
2, 11, 9533
List the prime factors of 15899125.
5, 11, 31, 373
What are the prime factors of 3190657?
229, 13933
What are the prime factors of 13613377?
751, 18127
List the prime factors of 5741427.
3, 17, 112577
What are the prime factors of 14908417?
107, 277, 503
List the prime factors of 149057.
149057
List the prime factors of 4444384.
2, 7, 19841
What are the prime factors of 205261?
7, 59, 71
What are the prime factors of 643128?
2, 3, 127, 211
List the prime factors of 850379.
23, 36973
List the prime factors of 13192163.
13192163
List the prime factors of 4323000.
2, 3, 5, 11, 131
List the prime factors of 185227.
7, 47, 563
List the prime factors of 2085313.
211, 9883
What are the prime factors of 14477467?
29, 467, 1069
List the prime factors of 293714.
2, 146857
List the prime factors of 4109913.
3, 152219
List the prime factors of 336595.
5, 7, 59, 163
What are the prime factors of 414854?
2, 11, 109, 173
What are the prime factors of 280616?
2, 7, 5011
What are the prime factors of 294077?
7, 43, 977
What are the prime factors of 28744?
2, 3593
List the prime factors of 145834.
2, 13, 71, 79
List the prime factors of 3701259.
3, 411251
What are the prime factors of 1169280?
2, 3, 5, 7, 29
List the prime factors of 292787.
11, 43, 619
List the prime factors of 1936974.
2, 3, 13, 19, 1307
List the prime factors of 37509628.
2, 13, 31, 23269
List the prime factors of 25293.
3, 8431
What are the prime factors of 126532?
2, 7, 4519
What are the prime factors of 60177?
3, 13, 1543
What are the prime factors of 8794040?
2, 5, 219851
List the prime factors of 1529206.
2, 7, 109229
List the prime factors of 235586.
2, 13, 17, 41
List the prime factors of 383485.
5, 76697
What are the prime factors of 736882?
2, 17, 21673
What are the prime factors of 4771014?
2, 3, 19, 41851
List the prime factors of 14061200.
2, 5, 35153
List the prime factors of 19992552.
2, 3, 833023
What are the prime factors of 405599?
405599
What are the prime factors of 442910?
2, 5, 13, 3407
What are the prime factors of 120233?
120233
What are the prime factors of 16687420?
2, 5, 23, 36277
List the prime factors of 121260.
2, 3, 5, 43, 47
What are the prime factors of 484753?
307, 1579
What are the prime factors of 21272?
2, 2659
List the prime factors of 3395539.
7, 509, 953
List the prime factors of 2933731.
2933731
What are the prime factors of 1914309?
3, 212701
What are the prime factors of 36881467?
7, 752683
What are the prime factors of 25507872?
2, 3, 13, 757
List the prime factors of 5337310.
2, 5, 11, 401
What are the prime factors of 14600505?
3, 5, 973367
List the prime factors of 157207.
157207
List the prime factors of 26934357.
3, 23, 390353
What are the prime factors of 33147?
3, 29, 127
List the prime factors of 1434238.
2, 13, 55163
List the prime factors of 31532438.
2, 7, 19, 118543
What are the prime factors of 152178?
2, 3, 13, 1951
List the prime factors of 279660.
2, 3, 5, 59, 79
List the prime factors of 10001564.
2, 1069, 2339
List the prime factors of 1032820.
2, 5, 113, 457
What are the prime factors of 331235?
5, 31, 2137
List the prime factors of 3862937.
13, 163, 1823
List the prime factors of 405579.
3, 135193
List the prime factors of 2531368.
2, 7, 17, 2659
List the prime factors of 20577.
3, 19
What are the prime factors of 28372598?
2, 151, 93949
What are the prime factors of 1543926?
2, 3, 257321
List the prime factors of 1778736.
2, 3, 37057
What are the prime factors of 1481353?
1481353
List the prime factors of 291959.
281, 1039
What are the prime factors of 10988733?
3, 7, 23, 22751
What are the prime factors of 79304?
2, 23, 431
What are the prime factors of 15647493?
3, 479, 10889
List the prime factors of 357446.
2, 313, 571
What are the prime factors of 2688248?
2, 336031
List the prime factors of 4453203.
3, 47, 31583
List the prime factors of 816228.
2, 3, 7, 41, 79
What are the prime factors of 719110?
2, 5, 7, 10273
List the prime factors of 685679.
685679
What are the prime factors of 1422510?
2, 3, 5, 47417
List the prime factors of 15045718.
2, 881, 8539
What are the prime factors of 999170?
2, 5, 41, 2437
List the prime factors of 622926.
2, 3, 34607
List the prime factors of 962810.
2, 5, 96281
List the prime factors of 21775058.
2, 223, 48823
List the prime factors of 2598979.
83, 173, 181
List the prime factors of 485057.
31, 15647
List the prime factors of 279040.
2, 5, 109
What are the prime factors of 23196